-5*o - 20*o - o**2 + 27 + 5*o - 32. Determine m(-20).
-5
Let o be (-2 - -2)*1/2. Let q(t) be the second derivative of t**5/120 + 5*t**4/24 - t**3/6 - 19*t. Let z(a) be the second derivative of q(a). What is z(o)?
5
Let h = -1 - -2. Let z = h - -2. Let o(b) = -2*b**2 + 8 + 7*b**2 + 0 - b**z - 6*b - 6. Give o(4).
-6
Suppose 132*w = 124*w - 32. Let a(o) = -o**2 - 5*o + 4. Give a(w).
8
Let q = -145 - -135. Let v(b) = b**2 + 12*b + 10. Give v(q).
-10
Let r(l) = l**2 + 10*l + 18. Let i be r(-8). Let c(p) = -6*p**i + 7*p**2 - 4*p + 3*p + 2*p. Calculate c(-5).
20
Let m = -6 - -8. Let x(n) be the second derivative of -3*n**5/20 + n**4/6 + n**3/3 - 3*n**2/2 + 1074*n. Calculate x(m).
-15
Let g be -8*3/(6/(-1)). Suppose g*q = q - 18. Let d(z) = 4*z + 31*z**2 - 30*z**2 - 8 + 1. Give d(q).
5
Let b(a) = 0*a + a - 25 + 30. Let o(c) = c**3 + 6*c**2 + 4*c + 1. Let i be o(-5). Calculate b(i).
11
Suppose 3*x = 3*g + 26 - 17, 0 = x - 2. Let a(l) = -13*l**2 - l. Give a(g).
-12
Let c(u) = -3*u - 10. Let o(z) be the third derivative of -z**4/24 + z**3/6 + 13*z**2. Let v(m) = c(m) - 4*o(m). Calculate v(8).
-6
Let x(n) = 44 + n**2 - 108 + 16*n + 26 + 37. Calculate x(-11).
-56
Let m(c) = -c**3 + 7*c**2 - 3*c - 6. Suppose -3*z + 5*f = -435, 202 = 2*z + 5*f - 63. Let i = z - 134. What is m(i)?
12
Let b(t) be the third derivative of -t**6/120 - t**5/6 + t**3/6 - 198*t**2 - 1. Calculate b(-10).
1
Let r(t) be the third derivative of 0*t - t**2 + 0 + 1/15*t**5 - 1/120*t**6 - 1/2*t**3 - 1/8*t**4. Let f = 34 - 30. Calculate r(f).
-15
Let d(h) = -h**2 + 5*h - 6. Let f be d(4). Let w(t) = -2*t**2 - 6*t + 2. Let z be w(-3). Let i(p) = 3*p - z - p + 0*p + 4 + p**2. Calculate i(f).
2
Suppose -22 = 10*f - 8*f. Let y(d) = 13*d**3 - 9*d**2 + 13*d - 15. Let n(o) = -7*o**3 + 5*o**2 - 7*o + 8. Let m(q) = f*n(q) - 6*y(q). Calculate m(0).
2
Let r(z) = z**3 - 3*z**2 - 5*z - 1. Let u(q) be the first derivative of -4*q**2 - 2*q - 2. Let t be u(2). Let p = -14 - t. Calculate r(p).
-5
Let u(p) = -p + 3. Suppose 0*z + 3*z + 24 = 3*w, -25 = -2*w - z. Calculate u(w).
-8
Let l(h) = h**3 - 4*h**2 - 5*h - 2. Suppose -12 = k - 2*w - 0*w, 0 = -2*k - 2*w + 6. Let g(o) = -2*o**3 - 4*o**2 - o + 3. Let n be g(k). Calculate l(n).
-2
Let b(w) = 8*w**2 + 6*w + 1. Let t(n) = 9*n**2 + 6*n + 1. Let y(l) = 7*b(l) - 6*t(l). Determine y(-4).
9
Let y = -9099 - -9103. Let g(r) = -4 + r**2 + 4 - 2*r + 3. What is g(y)?
11
Let l(o) = o + 6. Let y(d) = d + 5. Let c(j) = -3*l(j) + 4*y(j). Suppose -2*b = -2*m + 8, -5*m + 2*m - 6 = 3*b. What is c(b)?
-1
Suppose 4*b + 0*b - 36 = 0. Let a(x) = 9 + 4*x**2 - 2*x**2 - b. Suppose 2*g - 5 = -5*h, 4*h - 1 = 3*h - g. Give a(h).
2
Let k(f) = f**3 - f**2 - 3*f + 1. Suppose -g = 3*g + 224. Let w = -33 - g. Let l = w - 21. What is k(l)?
-1
Let c = -50 - -52. Let z(u) = 21 - c*u + 31 - 49. Determine z(4).
-5
Let y(q) = 17*q**2 + 14*q + 10. Let v(r) = -10*r**2 - 7*r - 5. Let u(b) = 5*v(b) + 3*y(b). Suppose -k = 2*k + 12. Give u(k).
-7
Suppose 0*q - 10 = -5*q. Let n(b) be the second derivative of b**5/10 - b**4/4 + b**3/3 - b**2 - 15*b. Give n(q).
6
Let l(c) = -c**2 + 5*c + 9. Let s be -4 - (10/(-1) + 2). Determine l(s).
13
Let s(g) = -3*g**2 + 15*g. Let c(n) = -7*n**2 + 34*n + 1. Let x(o) = -2*c(o) + 5*s(o). Determine x(3).
10
Let w(t) = 4*t. Let r(i) be the first derivative of i**3/3 + 7*i**2/2 - 10*i + 47. Let h(f) = -f - 2. Let d be h(6). Let v be r(d). Calculate w(v).
-8
Let q(d) = d**2 - 8*d + 1. Let j be (5 - 3)*12/3. Let o be q(j). Let a(m) = 3*m**3 + 2*m**2 - m. Determine a(o).
4
Let r = -41 + 49. Let f(z) = -6*z**2 + 6 + z**3 - 2*z**2 - 2*z + z. Calculate f(r).
-2
Suppose 10*w + 10 = 15*w, 5*x = 2*w - 29. Let q(r) = -r**3 - 5*r**2 + 2*r + 7. Calculate q(x).
-3
Let p be 11/((6/(-2))/(-3)). Suppose 0 = -3*z + z - w + 19, 5*w = 2*z + p. Let k(y) = y**3 - 8*y**2 + 8*y - 8. Determine k(z).
-1
Let v(d) be the third derivative of -d**6/120 + 13*d**5/60 - 13*d**4/24 + 5*d**3/6 + 21*d**2 + 2. Calculate v(12).
-7
Suppose 5*s + 3*c - 32 = 0, 0 = -5*s - 0*s + 3*c + 8. Suppose -4*g + 28 = s. Let h(q) = -q**2 - 3*q**2 + 7 - 8*q + 0*q**2 + 5*q**2. Calculate h(g).
-5
Suppose -5*u = -3*h + 59, 55 = -14*h + 17*h - 4*u. Let g(o) = -o**3 + 14*o**2 - 12*o - 11. Give g(h).
2
Suppose -z - 5*x - 7 - 11 = 0, -z = 2*x + 6. Let r(w) = 6*w - 2*w**z + 0*w + 0*w**2 - 3*w**2 - w**3. Give r(-6).
0
Suppose -19 + 75 = 14*z. Let q(m) be the third derivative of 1/24*m**z + 1/3*m**3 + 0 - 5*m**2 + 0*m. Determine q(-5).
-3
Let y = 11 - 11. Suppose y*i = 3*i. Let s(h) = 7*h**2 + h**3 + 4*h**2 + 3 - 11 - 10*h**2. Determine s(i).
-8
Let q(x) be the second derivative of x**5/20 + x**4/6 - x**3/6 + x**2 - 2*x - 280. Let y = 6 - 9. What is q(y)?
-4
Suppose 13 - 3 = 5*c. Suppose -4*q + 0*q = -20, -10 = -4*s + c*q. Suppose 3*j + 2 = s*j. Let i(d) = 2*d**2 + 1. What is i(j)?
3
Let x(w) = 3*w + 2 - w - 3*w - 11. Let a be 4*4/16*0. Suppose -5*l + 25 = a, 0 = 4*z - 3*z + 4*l - 20. What is x(z)?
-9
Let i(b) = 4*b - 8. Let t(l) = 3*l - 7. Let h(d) = -4*i(d) + 5*t(d). Suppose 0*u = 3*u. Suppose -6*f - f = u. Give h(f).
-3
Let t(r) = 2*r**2 - 38*r + 76. Let h(i) = i**2 - 20*i + 38. Let o(b) = -5*h(b) + 3*t(b). Calculate o(6).
-10
Let s(m) = m**2 - m - 1. Let w be s(-1). Let d(q) be the second derivative of -1/12*q**4 + 0 + 1/2*q**2 - 1/6*q**3 + 3*q - 1/20*q**5. What is d(w)?
-2
Let y(l) = l**3 + 6*l**2 + 6*l - 5. Let z(j) = 5*j**2 - 25*j - 5. Let a be z(5). Determine y(a).
-10
Let m(l) = 2*l**2 - 6*l - 2. Let s(z) = 2*z**2 + z - 1. Let a(u) = m(u) - 2*s(u). Give a(-6).
-24
Let l = -271 + 268. Let s(k) be the second derivative of 1/12*k**4 + 0*k**2 - 1/2*k**3 - k + 1/20*k**5 + 0. Calculate s(l).
-9
Suppose 4*v + 12 - 12 = 0. Let j(o) = -o - 19. Let r(y) = -1. Let x(i) = -j(i) + 2*r(i). Give x(v).
17
Let y(h) = 3*h**2 - h + 1. Let x(b) = -2*b**2 - 24*b + 27. Let f be x(-13). Suppose v - 3*l + 2 = 3, -4*l - f = -v. Give y(v).
3
Let b(y) = 0*y - 605 - 604 + 1210 - y. Let l = 0 - 0. Calculate b(l).
1
Suppose 0 = -5*u + 13 + 17. Suppose 0 = -5*m + 2*m + u. Suppose m*h + 6 = -3*w - 5, -5*h + 25 = -3*w. Let v(q) = 2*q**2 + 1. Calculate v(h).
9
Let o(p) = -5*p**3 - 3*p**2 - 3*p + 2. Let v(b) = -14*b**3 - 6*b**2 - 9*b + 3. Let c(s) = -11*o(s) + 4*v(s). Give c(9).
-37
Let b(s) be the first derivative of -5*s**2/2 - 8*s + 4. Let r(k) = k + 1. Suppose 18 = 4*p - 6. Let j(n) = p*r(n) + b(n). Give j(-4).
-6
Suppose -5*p - 2*s = -3*s - 10, -4*s + 5 = -5*p. Let q be 0 - p/(-12) - 2/8. Let f(a) = -a**2 + 4. What is f(q)?
4
Let q(h) = 3 + 4*h - 7 + 3 - h**2 + 4. Suppose 2 = 5*c - 23. Determine q(c).
-2
Let k(d) be the first derivative of d**5/120 - 4*d**3/3 + 18. Let r(s) be the third derivative of k(s). What is r(-3)?
-3
Let q(t) be the second derivative of -1/12*t**4 + 5/6*t**3 + t + 0 - 3*t**2. Let m = 47 - 41. What is q(m)?
-12
Let d(i) = i**3 - 5*i**2 - 5*i - 1. Suppose x + 4*x = 2*c - 19, -2*x = -2*c + 4. Let k = 12 - c. Let f be k/(-25)*10/(-1). Determine d(f).
5
Let f(w) = -w**2 - 2*w + 2. Suppose 3*r = -2*r + 2*g - 30, 0 = -4*r + 3*g - 31. What is f(r)?
-6
Let w(p) be the third derivative of -p**6/72 - p**3/6 + 8*p**2. Let l(r) be the first derivative of w(r). What is l(1)?
-5
Let a(r) = 3*r + 2*r - 1 - 3*r. Let f = -1 - -3. Suppose 3*h - f*s = -10 - 4, 4*h = -2*s. What is a(h)?
-5
Let q(r) = -r + 2. Let o be (1 + 1)/2 + -3. Let v(x) = -5*x + 11. Let j(b) = o*v(b) + 11*q(b). Let p(y) = -2*y**3 + 2*y**2 - y. Let t be p(1). Give j(t).
1
Let u(g) = -6*g**3 - 29*g**2 - 16*g + 6. Let j(b) = -7*b**3 - 33*b**2 - 16*b + 6. Let y(v) = -5*j(v) + 6*u(v). What is y(-6)?
-6
Let v be (-1)/(6/9 + 28/(-24)). Let b(x) = x**3 + 2 - 3*x**3 + x + x - v*x**2. Give b(2).
-18
Let p be 1 - 3 - -1 - -7. Let u(n) = -2 - 8*n - 3 + 6*n - 4 + 14. Calculate u(p).
-7
Let g(y) = -15*y + 2. Suppose 12 - 9 = 3*j + 3*m, 2*j - 1 = -3*m. Determine g(j).
-28
Let s(r) = r**3 + r**2 - 1. Let g(n) = -2*n**3 + 21*n**2 + 9*n + 24. Let j be g(11). Calculate s(j).
11
Let a(l) = l**2 - 6*l - 3. Let q be a(7). Let h(s) = 2*s**2 - q*s**3 + 0*s**2 + 3*s**3 + 6*s**2 - 10 + s. Determine h(8).
-2
Let u(c) = -9*c**2 - 2*c + 12. Let n(h) = 25*h**2 + 7*h - 35. Let j(k) = -4*n(k) - 11*u(k). Calculate j(-4).
16
Let t be (-3 + 3)*(-2)/4. Suppose -y - m - m + 8 = t, m - 7 = -2*y. Let l(s) = -8*s 